. Let c be v(n). What is the remainder when 0 + 1*(4 - c) is divided by 2?
1
Calculate the remainder when 55 is divided by (-4)/(-24) + 226/12.
17
Suppose 5*q = -2*o + 68, q - 66*o = -63*o. Suppose -81 = -2*f + 107. Calculate the remainder when f is divided by q.
10
Suppose -v + 4*c = 14, 2*v = 7*v + 3*c - 22. Let d(p) = 7 + 3*p**v + 0*p**2 - 2*p**2 - 3 - 5*p. Calculate the remainder when 15 is divided by d(5).
3
Let n(s) = -s + 5. Let x be n(-4). Suppose 199 = -9*g + 226. Calculate the remainder when 0/(-1) + 1 + x is divided by g.
1
Suppose -157*a = -164*a + 483. What is the remainder when 268 is divided by a?
61
Calculate the remainder when (-58 - 4)*81/(-18) is divided by 10.
9
Let v(b) = -83*b + 13. Let w(t) = 21*t - 3. Let a(x) = -2*v(x) - 9*w(x). Suppose 14*n - 11*n - 54 = 0. What is the remainder when a(-3) is divided by n?
16
Let t(m) = -6*m - 13. Let c be t(-3). Suppose -c*z + 2*q + 0*q + 78 = 0, -4*z + 5*q = -59. Let u = 44 - -1. What is the remainder when u is divided by z?
13
Let p(c) = c**3 - 5*c**2 + 7*c + 8. Calculate the remainder when 264 is divided by p(5).
6
Suppose c = 2*r + 21, -4*r + 91 = 4*c - 5. Suppose -3*h + 2*q + c = 0, -16 = -5*h + 3*h + q. What is the remainder when h is divided by (2 + -2)*1 + 3?
0
Let g(b) = 9*b**3 - b. Let y = 61 + -58. What is the remainder when g(1) is divided by y?
2
Suppose 3*u + t = 41, 25*u - 23*u - 5*t + 1 = 0. What is the remainder when 48 is divided by u?
0
Let m(t) = 4*t**2 + 4*t - 21. What is the remainder when 104/2 + 2/(-2) is divided by m(3)?
24
Let t(r) = -r**2 + 10*r + 17. What is the remainder when 92 is divided by t(3)?
16
Let v be -2*(1 - 4 - -4). Let l be (v - (-34)/3)*3. Suppose 125 = 5*b + 2*n + l, 3*b - 56 = n. Calculate the remainder when 35 is divided by b.
16
What is the remainder when (11 - 1015/20)/((-6)/8) is divided by 12?
5
Let p = 896 - 836. Calculate the remainder when p is divided by 16.
12
Let l = 47 + 19. Suppose 0 = -3*f + a + 46, -2*a + 0*a - 7 = -f. What is the remainder when l is divided by f?
15
Let b(q) = q**3 + 7*q**2 - 6*q - 1. Let f(i) = -4*i - 2. Let p be f(-3). Suppose a + 16 + 99 = 5*r, p = -2*a. What is the remainder when b(-7) is divided by r?
19
Suppose -r = -2*o + 133, 0 = -3*o + 3*r + 107 + 91. What is the remainder when o is divided by 44?
23
Let v(n) = -3*n**3 + 163. Calculate the remainder when v(0) is divided by 41.
40
Suppose 24 + 18 = 2*i. Calculate the remainder when -31 - -40 - (-69 - 2) is divided by i.
17
Let g(f) = -160*f + 684. What is the remainder when 227 is divided by g(4)?
7
Let b(c) = 3*c**2 - 8*c - 4. Let r(q) = -528*q + 2660. Calculate the remainder when b(6) is divided by r(5).
16
Suppose 6*z - 252 = 102. Let l = z + -5. Let o(d) = -d**2 + d + 28. What is the remainder when l is divided by o(0)?
26
Suppose 4*d + 3*t = 32, -3*t + 11 = -1. Suppose 5*r - 5*j = 45, d*j - 51 = -3*r + 2*j. Calculate the remainder when r is divided by (-23)/(-3) - 2/3.
6
Let g(c) = 3*c + 4. Let s = -6 + 11. Let k = s - -2. Calculate the remainder when 72 is divided by g(k).
22
Suppose 2*n = 8, 18 = h - 3*n + n. Calculate the remainder when 55 is divided by h.
3
Suppose -s = -0*s + 23. Let m = s + 53. Suppose 4*h - 268 = 88. What is the remainder when h is divided by m?
29
Suppose -q + 3*i = -6*q + 67, -i = 5*q - 69. Suppose -19 = -w + 22. What is the remainder when w is divided by q?
13
Suppose 2*a - a = -4*z + 9, 4*a = 2*z + 90. Let d be (-4 + 3)/((-2)/(-10)). Calculate the remainder when -3 + 81 - (2 + d) is divided by a.
18
Suppose 0 = -4*i + 9*i - 105. Let v(g) = -g**3 + 29*g**2 - 48*g - 127. What is the remainder when v(27) is divided by i?
14
Let j(b) = b**3 + 5*b**2 - 19*b - 28. Calculate the remainder when 16 is divided by j(-7).
2
Let o = 734 - 664. What is the remainder when 171 is divided by o?
31
Let x(s) = 49*s**2 + s. What is the remainder when x(1) is divided by 2?
0
Suppose -296 = -4*w + 4*q, 4*w = -5*q + 2*q + 324. Let d be (-12)/w - 186/(-26). Suppose -3*s + d*s - 312 = 0. Calculate the remainder when s is divided by 27.
24
Let i = 321 - 193. Suppose 0 = -3*p - v + 105, 4*p = v - 5*v + 156. What is the remainder when i is divided by p?
29
Let n = 217 - 154. Calculate the remainder when 314 is divided by n.
62
Let t = -61 + 63. Suppose 6 = t*z - 8. Calculate the remainder when 7 is divided by z.
0
Let y(i) = -i**3 + 16*i**2 + 27*i - 148. Calculate the remainder when 261 is divided by y(17).
19
Let h(u) = -u + 6. Let s = -28 - -30. Suppose 0 = 4*r - s*o - 76 - 48, 5*o - 9 = -r. Calculate the remainder when r is divided by h(-4).
9
Suppose 4*s - u + 3 = 0, -4*s = -0*u + 4*u - 12. Suppose 6*w - 618 = -s*w. Let q = w - 61. What is the remainder when q is divided by 11?
9
Suppose 14*o = 19*o - 65. What is the remainder when 24 is divided by o?
11
Let y = -723 - -740. Calculate the remainder when 116 is divided by y.
14
Let u(b) = b**2 - 2*b - 34. Calculate the remainder when 135 is divided by u(-9).
5
Let m(k) = -3*k - 1. What is the remainder when (45/20)/((-9)/(-384)) is divided by m(-5)?
12
Suppose 4*q + 7*r - 8*r - 1173 = 0, q = 2*r + 288. Calculate the remainder when q is divided by 37.
35
Suppose -15*d - 371 = -716. Calculate the remainder when 2644 is divided by d.
22
Let m(y) = 19*y - 21. Suppose -5*v + 22 + 7 = l, -23 = -l + v. What is the remainder when m(6) is divided by l?
21
Let x(m) = 385*m + 8. Calculate the remainder when x(2) is divided by 46.
42
Let s = 6 + -11. Let a = 11 + s. Suppose -5*x - 10 = 0, 4*r + r = -2*x + 41. What is the remainder when r is divided by a?
3
Calculate the remainder when 51 is divided by (9*2/21)/((-3)/(-63)).
15
Let t = -1459 - -1475. Let w = 27 - -3. Calculate the remainder when w is divided by t.
14
Suppose -11*r - 530 = -1476. What is the remainder when r is divided by 3?
2
Calculate the remainder when -5*(-12)/(-300) + 3372/10 is divided by 65.
12
Let a(u) = u. Let h be a(5). Suppose h*j - 106 = 29. Suppose 3*d + s = 40, 4*d = 4*s - 12 + 92. What is the remainder when j is divided by d?
12
Let q be 5 - (4 + -1)/1. Suppose -136 = -2*v + 3*z, -3*z - 4 - q = 0. Calculate the remainder when v is divided by 17.
14
Let r(n) = n**2 - 2*n - 6. Let d = 27 - -2. Let v = d + -20. Calculate the remainder when r(v) is divided by 15.
12
Suppose -3*x + 47 = 8. Suppose 3*t - 3*r = -2*r, 5*t = r + 2. Let i(y) = 64*y**3 - 2*y**2 + 3*y - 1. What is the remainder when i(t) is divided by x?
12
What is the remainder when (-3 + -1)*-2 + (39 - -84 - -30) is divided by (-1 + 2)*18 + 0?
17
Let g = 38 - 4. Let s = -90 - -224. What is the remainder when s is divided by g?
32
Let g = -4233 + 4265. Suppose -376 = -0*s - 4*s. Calculate the remainder when s is divided by g.
30
Let y = 356 + -320. Calculate the remainder when 141 is divided by y.
33
Suppose 1522 - 580 = 2*q. Suppose 0*j = 5*j - z - q, 2*z - 92 = -j. What is the remainder when j is divided by 24?
22
Let v(l) = -3*l + 56. Let z be v(0). Let o be (8/14)/((-4)/(-28)). What is the remainder when 44 is divided by z/o - (-1)/1?
14
Let x = 13 - 10. Suppose 0 = x*y + 76 + 2. Calculate the remainder when 94 is divided by 2/13 + (-620)/y.
22
Let x(v) = -v**3 + 13*v**2 - v + 13. Let o be x(13). Let f be o*(60/16 - 4). Suppose f = 2*k - 7 - 3. Calculate the remainder when 8 is divided by k.
3
Let g(l) = -2*l - 3. Suppose -3*j + 44 = 8*j. What is the remainder when g(-7) is divided by j?
3
Let n(i) = -3*i**2 + 38*i - 13. What is the remainder when 40 is divided by n(12)?
7
Suppose -41*m + 178 = 5*l - 42*m, 0 = -2*l + 2*m + 68. Let z = 63 - 44. Calculate the remainder when l is divided by z.
17
Let f = 63 + 127. Suppose 0 = 40*u - 35*u - f. What is the remainder when u is divided by 7?
3
Calculate the remainder when 216 is divided by (63 - 18) + (0 - (0 - -1)).
40
Suppose 2*l - 2 = -5*q, -l - l - 2*q + 8 = 0. Calculate the remainder when -1 + 14*2 - 1 is divided by 247/39 - (-4)/l.
5
Suppose -3*j - 15 = 0, -9 = -6*u + 2*u + j. What is the remainder when 1156/18 + (-28)/126 is divided by -2 + u/1 + 18?
13
Let d = -168 - -299. What is the remainder when d is divided by (-68)/(0 + (-3 - -2))?
63
Let c be -5 + -1 + 4 + -3. Calculate the remainder when 42 is divided by -4*c/((-100)/(-55)).
9
Calculate the remainder when (3 - 119/5)*-5*1 is divided by 9.
5
Suppose 8 